 t(7).
3
Suppose 68 + 2 = 5*q. What are the prime factors of q?
2, 7
Suppose -3*b + 5*b - 20 = -4*o, -2*b + 3*o + 48 = 0. What are the prime factors of b?
2, 3
Suppose -5*i - 414 = -3*t - 8*i, t = 4*i + 163. List the prime factors of t.
11, 13
Suppose -3*m + 49 = -11. Suppose -57 = -3*g - 3*s, 5*g - m = 2*s + 47. List the prime factors of g.
3, 5
Let q(b) = 2*b + 3*b - 6*b + 5*b**2 + 0*b**2 + 1. Let f be 2/1*(-2)/(-4). List the prime factors of q(f).
5
Let s be 0 - 1/((-1)/3). Let a(v) = -15*v + 13. Let l(r) = 7*r - 6. Let m(w) = 4*a(w) + 9*l(w). What are the prime factors of m(s)?
7
Let q(o) = -o**2 + 4*o + 3. Let u be q(7). List the prime factors of (-2630)/(-90) + 4/u.
29
Let v(h) = 4*h**3 + h**2 + 11*h - 14. Let x(r) = 5*r**3 + 12*r - 15. Let b(a) = -6*v(a) + 5*x(a). What are the prime factors of b(7)?
2
Let u(g) = g**3 + 4*g**2 + 2*g - 2. Let b be u(-2). Let s = 4 + -1. Suppose 4*j - 38 = -b*m, -3*j = s*m - 46 + 1. What are the prime factors of m?
11
Let d be (2/3)/(6/(-9)). Let f be 2 - (d - -1)/1. Suppose 0 = -f*o - 3 + 19. List the prime factors of o.
2
Let c = 271 + -147. What are the prime factors of c?
2, 31
Suppose 0*h - 4 = -h. Suppose -3*d + h = -44. List the prime factors of d.
2
Let s(n) = 12*n - 4. List the prime factors of s(2).
2, 5
Let f be 2/(-4)*2 - -40. Suppose -f = -5*u + 81. Suppose 4*i - 12 - u = 0. What are the prime factors of i?
3
Suppose -2*s = -6*s - 156. Let o = -28 - s. List the prime factors of o.
11
Let s(r) = -r + 4 + 0*r - 2*r - 2*r. List the prime factors of s(-3).
19
Let g(d) = -5*d - 3. Let m = -4 - 1. Let k be g(m). Let r = 37 - k. List the prime factors of r.
3, 5
Suppose 0 = -2*l - 4*h + 42, h + 2*h = 2*l - 7. Suppose 0 = -l*d + 13*d - 44. List the prime factors of d.
2, 11
Let o = 36 + 0. What are the prime factors of o?
2, 3
Suppose -2*h + h = 3*m + 21, 5*m = -5*h - 25. What are the prime factors of (m/(-20))/((-2)/(-50))?
2, 5
Let u = -6 + 8. Let h = -8 - -14. Suppose -u*p + h = -p. What are the prime factors of p?
2, 3
Let k(c) = 2*c**2 - c - 2. Let r be k(-2). Suppose 0 = s - 0*s - r. Let g = 17 - s. List the prime factors of g.
3
Suppose 0 = -5*y - 2*h + 921, 0 = 3*y + 2*h - 279 - 276. List the prime factors of y.
3, 61
Suppose -g = j + 3*j - 11, 2*g + 5*j - 16 = 0. Suppose g*a = -0*a + 57. List the prime factors of a.
19
Suppose 4*b - 4*c - 40 = -b, -2*c = 3*b - 24. What are the prime factors of b?
2
Let g(b) = -67*b**3 - 2*b**2 - 2*b. What are the prime factors of g(-1)?
67
Let k be (6/9)/((-2)/(-9)). Let z = k - 19. Let m = 24 + z. List the prime factors of m.
2
Let k = 21 + 40. What are the prime factors of k?
61
Let l(i) = 8*i - 9. What are the prime factors of l(4)?
23
Suppose -c - 5 = 0, 2*o = -2*o + c + 113. List the prime factors of o.
3
Let h(x) be the third derivative of -x**6/120 - x**5/10 - 5*x**4/24 + 2*x**3/3 + x**2. Suppose -8 = -4*u, m + 4*m + 2*u = -21. List the prime factors of h(m).
2
Let p(o) = o**2 + 9*o + 24. List the prime factors of p(-11).
2, 23
Suppose -w = 2, y = -0*y + 3*w + 33. What are the prime factors of 60/27 - 6/y?
2
Suppose 4*r + 4*q - 23 = -q, -4*r - 2*q + 14 = 0. Suppose -r*f - 13 = -3*f. List the prime factors of f.
13
Suppose 3*q - 2*l = q + 6, 3*q - 2*l - 4 = 0. Let p be 0/((-1)/(q/(-6))). List the prime factors of (4 - -14) + (p - 0).
2, 3
List the prime factors of (3/12)/(4/464).
29
Let l = 5 - 4. Let s = l - -3. Suppose 30 - 10 = s*f. List the prime factors of f.
5
Suppose 5*q = 2 + 28. Let z = q - -12. What are the prime factors of z?
2, 3
List the prime factors of 4/14 - 7664/(-28).
2, 137
Suppose 49*j - 938 = 42*j. What are the prime factors of j?
2, 67
Suppose -4*j + 21 + 63 = 0. List the prime factors of j.
3, 7
Let s be (-5 + 2)/(9/(-30)). Let v(k) = -k**3 + 11*k**2 - 8*k + 9. List the prime factors of v(s).
29
Suppose 38 + 27 = 5*o. List the prime factors of o.
13
Let h be ((-1)/1)/(1/(-4)). Suppose h = 3*c - 2. Suppose 3*q - c = 2*q. What are the prime factors of q?
2
Suppose -25 = 5*j, -2*j = 4*b - j - 179. What are the prime factors of b?
2, 23
Let w = -30 + 17. Let t = -6 - w. Suppose 18 = 5*h - t. List the prime factors of h.
5
Suppose -6*l + l = -100. Suppose 0 = 2*m + x - 20, -3*x = -4*m - 0*x + l. List the prime factors of m.
2
Let x(q) be the first derivative of q**2/2 + 2. Let n(r) = 2*r + 3. Let s(a) = n(a) - 3*x(a). What are the prime factors of s(-5)?
2
Suppose -3*n = -0*n - 117. What are the prime factors of n?
3, 13
Let y = 93 - 64. Let p = y - 19. What are the prime factors of p?
2, 5
Suppose 0 = 5*u + 23 + 2, -2*j - 3*u - 1 = 0. List the prime factors of j.
7
What are the prime factors of (3 + -2)/((-2)/(-116))?
2, 29
Suppose 4*g + 322 = 3*y, -216 = -2*y + 4*g - g. What are the prime factors of y?
2, 3, 17
Suppose 3*d - 76 = 7*d. List the prime factors of d*(2 - 3)*1.
19
Let a(t) = 30*t. List the prime factors of a(1).
2, 3, 5
Let g be 2/3 + (-122)/(-6). List the prime factors of (-6)/(g/9 - 3).
3
Let p(f) = 2*f**2 + f - 1. Let g be p(1). Suppose 3*i - 2*w = 13, 3*i - 16 - 1 = 4*w. Suppose i*n + n = g*t + 30, -3 = t. List the prime factors of n.
2, 3
Let v(c) = -5*c + 9. What are the prime factors of v(-6)?
3, 13
Let c = 17 - -150. What are the prime factors of c?
167
Suppose 3*k + 2*k - 10 = 0. Suppose 3*g + 34 = k*q, -2*q + 2*g + 30 = -3*g. List the prime factors of q.
2, 5
Suppose -3*l = 2*s + 7 + 2, -s + 13 = 5*l. List the prime factors of 33/2*s/(-18).
11
Let r = -458 + 698. What are the prime factors of r?
2, 3, 5
Let q = 51 - 53. Let n = -1 - -2. What are the prime factors of n + q - (-1 - 2)?
2
Let g = 8 - -23. What are the prime factors of g?
31
Let v(r) = 5*r**2 - 5*r - 3. What are the prime factors of v(3)?
3
List the prime factors of -330*(5 + 17/(-3)).
2, 5, 11
Let x(l) = l**2 - 2*l - 1. Let d be x(-1). Suppose -5 = 5*j + 3*a - 6*a, -2*j - d = 3*a. Let s = 4 + j. What are the prime factors of s?
3
Let q = 21 + -11. Suppose -r - 4*r + q = 0. What are the prime factors of r?
2
Let v(p) be the first derivative of 19*p**2/2 - 7*p + 8. What are the prime factors of v(3)?
2, 5
Let k(h) = -h**3 + h**2 + 2. Let f be k(0). Suppose 3*w + 2*x = -0*w + 104, -63 = -f*w + 5*x. What are the prime factors of w?
2, 17
Suppose 5*c = v + 299, -v + 1 = -0*v. What are the prime factors of c?
2, 3, 5
Let g(j) = 8*j - 27. What are the prime factors of g(12)?
3, 23
What are the prime factors of (38 - (-2 - -4 - 0)) + 3?
3, 13
Let a be -3 - -26*(0 + 1). What are the prime factors of (a - 1/1) + 0?
2, 11
What are the prime factors of 55*(7/5 + -1)?
2, 11
Let z = 13 + -19. Let d be 11/((6 + -3)/z). Let r = -15 - d. What are the prime factors of r?
7
Let l(h) = -h**3 + 21*h**2 + 9*h + 8. What are the prime factors of l(21)?
197
Suppose 5*c = -4 + 9, -5*l + 44 = -c. Let o = -7 + l. List the prime factors of o.
2
Let x = 11 - 7. Let p be x/2 + -10 + 2. List the prime factors of ((-4)/p)/(1/15).
2, 5
Suppose -29 = -5*o - 9. Let i(h) = -h**3 + 3*h**2 + 5*h - 2. Let l be i(o). Suppose -k - 5 = -l*k. What are the prime factors of k?
5
Suppose 0 = -v - v + 32. Suppose h - 2*h = -v. List the prime factors of h.
2
Suppose -2*h - 5 = v + 2, -5*h - 16 = 3*v. Suppose -5*k - 9 = -v*m, -5*m + 3*k = k - 15. What are the prime factors of m?
3
Let k = 5 - -2. Let g(m) = 4*m - 8 - 3*m + m. List the prime factors of g(k).
2, 3
Let u(t) = -t**3 - t**2 - t + 66. Let y be u(0). Suppose 5*w = -3*f + 68, 5*w + 2*f - y = f. What are the prime factors of w?
13
Let u(b) = 2*b**2 - 5*b + 5. What are the prime factors of u(5)?
2, 3, 5
Let t = 57 - 34. Suppose 0 = 2*f - t - 63. List the prime factors of f.
43
Let k(m) = -16*m**3 + 2*m**2 + m. List the prime factors of k(-1).
17
Let p(g) = -g**2 - 7*g + 4. Suppose -n - 4*n = -15. Suppose 0 = -2*f - n*j - 24, f - 3 = 3*j + 3. List the prime factors of p(f).
2, 5
Let g(n) = 4*n**2 + 1 - n**3 + 0*n**2 + 2*n**2 + 0*n**3 + n. Suppose 3*t = -5*b + 8, -4 = 3*t + 2*b - 18. List the prime factors of g(t).
7
Let k(v) = -v - 5. Let u be k(-9). Suppose -x + u = 0, 2*z = 5*x + 32 + 10. List the prime factors of z.
31
Let r(l) be the second derivative of l**3/2 - 5*l**2/2 + l. Suppose 6 + 19 = 5*x + o, -x - 2*o + 5 = 0. List the prime factors of r(x).
2, 5
Let d = 12 - -38. List the prime factors of d.
2, 5
Suppose 4*j + 57 = 3*p, p